{"id":2133,"date":"2020-04-08T11:14:04","date_gmt":"2020-04-08T11:14:04","guid":{"rendered":"https:\/\/old3.commonsupport.com\/wp\/conexi\/?page_id=7"},"modified":"2026-01-08T12:20:55","modified_gmt":"2026-01-08T12:20:55","slug":"home-one","status":"publish","type":"page","link":"https:\/\/viptaksicanakkale.com\/","title":{"rendered":"Home One"},"content":{"rendered":"\t\t<div data-elementor-type=\"wp-page\" data-elementor-id=\"2133\" class=\"elementor elementor-2133\">\n\t\t\t\t\t\t<section class=\"elementor-section elementor-top-section elementor-element elementor-element-3eff2873 elementor-section-stretched elementor-section-full_width elementor-section-height-default elementor-section-height-default\" data-id=\"3eff2873\" data-element_type=\"section\" data-e-type=\"section\" data-settings=\"{&quot;stretch_section&quot;:&quot;section-stretched&quot;}\">\n\t\t\t\t\t\t<div class=\"elementor-container elementor-column-gap-no\">\n\t\t\t\t\t<div class=\"elementor-column elementor-col-100 elementor-top-column elementor-element elementor-element-66785523\" data-id=\"66785523\" data-element_type=\"column\" data-e-type=\"column\">\n\t\t\t<div class=\"elementor-widget-wrap elementor-element-populated\">\n\t\t\t\t\t\t<div class=\"elementor-element elementor-element-66c9acaf elementor-widget elementor-widget-conexi_slider\" data-id=\"66c9acaf\" data-element_type=\"widget\" data-e-type=\"widget\" data-widget_type=\"conexi_slider.default\">\n\t\t\t\t<div class=\"elementor-widget-container\">\n\t\t\t\t\t\t\t\n\n     <script>\n jQuery(document).ready(function($) {\n\n\/\/put the js code under this line \n\n    if ($(\".banner-style-one\").length) {\n        $(\".banner-style-one\").owlCarousel({\n            loop: true,\n            items: 1,\n            margin: 0,\n            dots: true,\n            nav: false,\n            active: true,\n            smartSpeed: 1000,\n            autoplay: 5000\n        });\n    }\n\n\/\/put the code above the line \n\n  });\n<\/script>\t\t\n\t\t<div class=\"main-banner-wrapper \">\n            <section class=\"banner-style-one owl-theme owl-carousel no-dots\">\n\t\t\t\n\t\t\t\t\t\t\t\n                <div class=\"slide slide-one\" style=\"background-image: url(https:\/\/old3.commonsupport.com\/wp\/conexi\/wp-content\/uploads\/2020\/04\/slider-1-1.jpg);\">\n                    <div class=\"container\">\n                        <div class=\"row\">\n                            <div class=\"col-lg-12 text-center\">\n                                <h3 class=\"banner-title\">\u00c7anakkale Taksi Hizmeti<\/h3>\n                                <p>\u00c7anakkale'nin Tek Vip Taksi Hizmeti<br> Vip Taksi \u00c7anakkale<\/p>\n                                <div class=\"btn-block\">\n                                    <a href=\"https:\/\/wa.me\/+905439350158\" class=\"banner-btn\">TIKLA VE KONUM G\u00d6NDER<\/a>\n                                <\/div><!-- \/.btn-block -->\n                            <\/div><!-- \/.col-lg-12 -->\n                        <\/div><!-- \/.row -->\n                    <\/div><!-- \/.container -->\n                <\/div><!-- \/.slide -->\n\t\t\t\t\n\t\t\t\t\t\t\t\n                <div class=\"slide slide-one\" style=\"background-image: url(https:\/\/old3.commonsupport.com\/wp\/conexi\/wp-content\/uploads\/2020\/04\/slider-1-2.jpg);\">\n                    <div class=\"container\">\n                        <div class=\"row\">\n                            <div class=\"col-lg-12 text-center\">\n                                <h3 class=\"banner-title\">7\/24 H\u0131zl\u0131 &amp; G\u00fcvenilir Hizmet<\/h3>\n                                <p>7\/24 ula\u015fabilece\u011finiz g\u00fcvenilir ve h\u0131zl\u0131 taksi hizmeti i\u00e7in konum g\u00f6nder.<\/p>\n                                <div class=\"btn-block\">\n                                    <a href=\"https:\/\/wa.me\/+905439350158\" class=\"banner-btn\">TIKLA VE KONUM G\u00d6NDER<\/a>\n                                <\/div><!-- \/.btn-block -->\n                            <\/div><!-- \/.col-lg-12 -->\n                        <\/div><!-- \/.row -->\n                    <\/div><!-- \/.container -->\n                <\/div><!-- \/.slide -->\n\t\t\t\t\n\t\t\t\t\t\t\t\t\n            <\/section><!-- \/.banner-style-one -->\n            <div class=\"carousel-btn-block banner-carousel-btn\">\n                <span class=\"carousel-btn left-btn\"><i class=\"conexi-icon-left\"><\/i><\/span>\n                <span class=\"carousel-btn right-btn\"><i class=\"conexi-icon-right\"><\/i><\/span>\n            <\/div><!-- \/.carousel-btn-block banner-carousel-btn -->\n        <\/div><!-- \/.main-banner-wrapper --> \n                   \n                \n\t\t\t\t\t\t<\/div>\n\t\t\t\t<\/div>\n\t\t\t\t\t<\/div>\n\t\t<\/div>\n\t\t\t\t\t<\/div>\n\t\t<\/section>\n\t\t\t\t<section class=\"elementor-section elementor-top-section elementor-element elementor-element-176db60 elementor-section-boxed elementor-section-height-default elementor-section-height-default\" data-id=\"176db60\" data-element_type=\"section\" data-e-type=\"section\" id=\"1\">\n\t\t\t\t\t\t<div class=\"elementor-container elementor-column-gap-default\">\n\t\t\t\t\t<div class=\"elementor-column elementor-col-100 elementor-top-column elementor-element elementor-element-676e83a\" data-id=\"676e83a\" data-element_type=\"column\" data-e-type=\"column\">\n\t\t\t<div class=\"elementor-widget-wrap elementor-element-populated\">\n\t\t\t\t\t\t<div class=\"elementor-element elementor-element-d375254 elementor-widget elementor-widget-conexi_about\" data-id=\"d375254\" data-element_type=\"widget\" data-e-type=\"widget\" data-widget_type=\"conexi_about.default\">\n\t\t\t\t<div class=\"elementor-widget-container\">\n\t\t\t\t\t\t\t\n\t\t\n\t\t<section class=\"about-style-one \">\n            <div class=\"container\">\n                <div class=\"block-title text-center\">\n                    <div class=\"dot-line\"><\/div><!-- \/.dot-line -->\n                    <p>17 T 0158 7\/24 Acil Taksi<\/p>\n                    <h2>\u00c7anakkale'nin 7\/24 <br> G\u00fcvenilir Taksi Hizmeti<\/h2>\n                <\/div><!-- \/.block-title -->\n                <div class=\"row high-gutter\">\n                    <div class=\"col-lg-6\">\n                        <div class=\"about-image-block\">\n                            <img decoding=\"async\" src=\"http:\/\/old3.commonsupport.com\/wp\/conexi\/wp-content\/uploads\/2020\/04\/choise-1-1.png\" alt=\"Image\" \/>\n                            <p><\/p>\n                        <\/div><!-- \/.image-block -->\n                    <\/div><!-- \/.col-lg-6 -->\n                    <div class=\"col-lg-6\">\n                        <div class=\"text-block\">\n                            <div class=\"video-block-one\">\n                                <div class=\"image-block\">\n                                    <div class=\"inner-block\">\n                                        <img decoding=\"async\" src=\"http:\/\/old3.commonsupport.com\/wp\/conexi\/wp-content\/uploads\/2020\/04\/history-1-1.jpg\" alt=\"Awesome Image\" \/>\n                                        <a href=\"\" class=\"video-popup\"><i class=\"fa fa-play\"><\/i><\/a>\n                                    <\/div><!-- \/.inner-block -->\n                                <\/div><!-- \/.image-block -->\n                                <div class=\"content-block\">\n                                    <h3>Ara\u00e7lar\u0131m\u0131z\u0131n detayl\u0131 videolar\u0131 i\u00e7in t\u0131kla ve izle<\/h3>\n                                <\/div><!-- \/.content-block -->\n                            <\/div><!-- \/.video-block-one -->\n                            <p><b>\u00c7anakkale Taksi<\/b>, olarak noktadan noktaya h\u0131zl\u0131 ve g\u00fcvenilir servis imkan\u0131 sunuyoruz. <b>Taksimizde<\/b> Temizlik ve m\u00fc\u015fteri konforunu her zaman \u00fcst d\u00fczeyde tutuyoruz. Sizde \u00c7anakkale'de <b>Taksi<\/b> \u0130le g\u00fcvenilir yolculuk yapmak istiyorsan\u0131z <b>Hemen Aray\u0131n!<\/b><\/p>\n                            <hr class=\"style-one\">\n                            <div class=\"call-block\">\n                                <div class=\"left-block\">\n                                    <div class=\"icon-block\">\n                                        <i class=\"conexi-icon-phone-call\"><\/i>\n                                    <\/div><!-- \/.icon-block -->\n                                    <div class=\"content-block\">\n                                        <p>Bizi aray\u0131n ve gidece\u011finiz noktaya h\u0131zl\u0131 ve g\u00fcvenilir bir \u015fekilde ula\u015f\u0131n.<\/p>\n                                    <\/div><!-- \/.content-block -->\n                                <\/div><!-- \/.left-block -->\n                                <div class=\"right-block\">\n                                    <a class=\"phone-number\" href=\"#\">+90 543 935 01 58<\/a>\n                                <\/div><!-- \/.right-block -->\n                            <\/div><!-- \/.call-block -->\n                        <\/div><!-- \/.text-block -->\n                    <\/div><!-- \/.col-lg-6 -->\n                <\/div><!-- \/.row -->\n            <\/div><!-- \/.container -->\n        <\/section><!-- \/.about-style-one -->\n                   \n                \n\t\t\t\t\t\t<\/div>\n\t\t\t\t<\/div>\n\t\t\t\t\t<\/div>\n\t\t<\/div>\n\t\t\t\t\t<\/div>\n\t\t<\/section>\n\t\t\t\t<section class=\"elementor-section elementor-top-section elementor-element elementor-element-429af112 elementor-section-stretched elementor-section-full_width elementor-section-height-default elementor-section-height-default\" data-id=\"429af112\" data-element_type=\"section\" data-e-type=\"section\" id=\"2\" data-settings=\"{&quot;stretch_section&quot;:&quot;section-stretched&quot;}\">\n\t\t\t\t\t\t<div class=\"elementor-container elementor-column-gap-no\">\n\t\t\t\t\t<div class=\"elementor-column elementor-col-100 elementor-top-column elementor-element elementor-element-25b7417\" data-id=\"25b7417\" data-element_type=\"column\" data-e-type=\"column\">\n\t\t\t<div class=\"elementor-widget-wrap\">\n\t\t\t\t\t\t\t<\/div>\n\t\t<\/div>\n\t\t\t\t\t<\/div>\n\t\t<\/section>\n\t\t\t\t<section class=\"elementor-section elementor-top-section elementor-element elementor-element-2e6ee110 elementor-section-stretched elementor-section-full_width elementor-section-height-default elementor-section-height-default\" data-id=\"2e6ee110\" data-element_type=\"section\" data-e-type=\"section\" data-settings=\"{&quot;stretch_section&quot;:&quot;section-stretched&quot;}\">\n\t\t\t\t\t\t<div class=\"elementor-container elementor-column-gap-no\">\n\t\t\t\t\t<div class=\"elementor-column elementor-col-100 elementor-top-column elementor-element elementor-element-14642a66\" data-id=\"14642a66\" data-element_type=\"column\" data-e-type=\"column\">\n\t\t\t<div class=\"elementor-widget-wrap elementor-element-populated\">\n\t\t\t\t\t\t<div class=\"elementor-element elementor-element-5e43142d elementor-widget elementor-widget-conexi_cta\" data-id=\"5e43142d\" data-element_type=\"widget\" data-e-type=\"widget\" data-widget_type=\"conexi_cta.default\">\n\t\t\t\t<div class=\"elementor-widget-container\">\n\t\t\t\t\t\t\t\n\t\t\n        <section class=\"cta-style-two \">\n            <div class=\"container\">\n                <div class=\"content-block\">\n                    <p>Bize Ula\u015f\u0131n<\/p>\n                    <h3>Bize Whatsapp \u00dczerinden Konum G\u00f6nderin.<\/h3>\n                <\/div><!-- \/.content-block -->\n                <div class=\"button-block\">\n                    <a href=\"https:\/\/wa.me\/+905439350158\" class=\"cta-btn\">Whatsapp Konum G\u00f6nder<\/a>\n                <\/div><!-- \/.button-block -->\n            <\/div><!-- \/.container -->\n        <\/section><!-- \/.cta-style-two --> \n                   \n                \n\t\t\t\t\t\t<\/div>\n\t\t\t\t<\/div>\n\t\t\t\t\t<\/div>\n\t\t<\/div>\n\t\t\t\t\t<\/div>\n\t\t<\/section>\n\t\t\t\t<section class=\"elementor-section elementor-top-section elementor-element elementor-element-48d539a elementor-section-stretched elementor-section-full_width elementor-section-height-default elementor-section-height-default\" data-id=\"48d539a\" data-element_type=\"section\" data-e-type=\"section\" id=\"4\" data-settings=\"{&quot;stretch_section&quot;:&quot;section-stretched&quot;}\">\n\t\t\t\t\t\t<div class=\"elementor-container elementor-column-gap-no\">\n\t\t\t\t\t<div class=\"elementor-column elementor-col-100 elementor-top-column elementor-element elementor-element-5fb2f768\" data-id=\"5fb2f768\" data-element_type=\"column\" data-e-type=\"column\">\n\t\t\t<div class=\"elementor-widget-wrap\">\n\t\t\t\t\t\t\t<\/div>\n\t\t<\/div>\n\t\t\t\t\t<\/div>\n\t\t<\/section>\n\t\t\t\t<section class=\"elementor-section elementor-top-section elementor-element elementor-element-6470e6ec elementor-section-stretched elementor-section-full_width elementor-section-height-default elementor-section-height-default\" data-id=\"6470e6ec\" data-element_type=\"section\" data-e-type=\"section\" id=\"5\" data-settings=\"{&quot;stretch_section&quot;:&quot;section-stretched&quot;}\">\n\t\t\t\t\t\t<div class=\"elementor-container elementor-column-gap-no\">\n\t\t\t\t\t<div class=\"elementor-column elementor-col-100 elementor-top-column elementor-element elementor-element-6394a553\" data-id=\"6394a553\" data-element_type=\"column\" data-e-type=\"column\">\n\t\t\t<div class=\"elementor-widget-wrap elementor-element-populated\">\n\t\t\t\t\t\t<div class=\"elementor-element elementor-element-5b6095ca elementor-widget elementor-widget-conexi_service_icon\" data-id=\"5b6095ca\" data-element_type=\"widget\" data-e-type=\"widget\" data-widget_type=\"conexi_service_icon.default\">\n\t\t\t\t<div class=\"elementor-widget-container\">\n\t\t\t\t\t\t\t\n\t\t\n\t\t<section class=\"feature-style-one thm-black-bg \">\n            <img decoding=\"async\" src=\"https:\/\/old3.commonsupport.com\/wp\/conexi\/wp-content\/uploads\/2020\/04\/feature-bg-1-1.png\" alt=\"Image\" class=\"feature-bg\" \/>\n            <div class=\"container\">\n                <div class=\"block-title text-center\">\n                    <div class=\"dot-line\"><\/div><!-- \/.dot-line -->\n                    <p>Vip Taksi Avantajlar\u0131<\/p>\n                    <h2 class=\"light\">Neden Biz?<\/h2>\n                <\/div><!-- \/.block-title text-center -->\n                <div class=\"row\">\n\t\t\t\t\n\t\t\t\t\t\t\t\t\t\n                    <div class=\"col-lg-4\">\n                        <div class=\"single-feature-one\">\n                            <div class=\"icon-block\">\n                                <i class=\"icon conexi-icon-insurance\"><\/i>\n                            <\/div><!-- \/.icon-block -->\n                            <h3><a href=\"\">G\u00fcvenli Yolculuk<\/a><\/h3>\n                            <p>Ara\u00e7lar\u0131m\u0131z gps, emniyet kemeri ve sigorta sistemleri gibi \u00f6zellikler ile y\u00fcksek g\u00fcvenlik sa\u011flar.<\/p>\n                            <a href=\"\" class=\"more-link\"><\/a>\n                        <\/div><!-- \/.single-feature-one -->\n                    <\/div><!-- \/.col-lg-4 -->\n\t\t\t\t\t\n\t\t\t\t\t\t\t\t\t\n                    <div class=\"col-lg-4\">\n                        <div class=\"single-feature-one\">\n                            <div class=\"icon-block\">\n                                <i class=\"icon conexi-icon-seatbelt\"><\/i>\n                            <\/div><!-- \/.icon-block -->\n                            <h3><a href=\"\">Profesonel S\u00fcr\u00fcc\u00fcler<\/a><\/h3>\n                            <p>S\u00fcr\u00fcc\u00fclerimizin hepsinin ehliyet, yolcu ta\u015f\u0131ma srcsi ve ara\u00e7 deneyimleri sayesinde g\u00fcvenilir yolculuk.<\/p>\n                            <a href=\"\" class=\"more-link\"><\/a>\n                        <\/div><!-- \/.single-feature-one -->\n                    <\/div><!-- \/.col-lg-4 -->\n\t\t\t\t\t\n\t\t\t\t\t\t\t\t\t\n                    <div class=\"col-lg-4\">\n                        <div class=\"single-feature-one\">\n                            <div class=\"icon-block\">\n                                <i class=\"icon conexi-icon-consent\"><\/i>\n                            <\/div><!-- \/.icon-block -->\n                            <h3><a href=\"\">Ara\u00e7lar\u0131m\u0131z Vergiye Tabidir<\/a><\/h3>\n                            <p>Ara\u00e7lar\u0131m\u0131z hi\u00e7 bir \u015fekilde korsan olmay\u0131p vergi levhas\u0131 bulunmaktad\u0131r ayr\u0131ca ara\u00e7lar\u0131m\u0131z\u0131n t\u00fcm evraklar\u0131 tamd\u0131r.<\/p>\n                            <a href=\"\" class=\"more-link\"><\/a>\n                        <\/div><!-- \/.single-feature-one -->\n                    <\/div><!-- \/.col-lg-4 -->\n\t\t\t\t\t\n\t\t\t\t\t\t\t\t\t\t\n                <\/div><!-- \/.row -->\n            <\/div><!-- \/.container -->\n        <\/section><!-- \/.feature-style-one -->\n                   \n                \n\t\t\t\t\t\t<\/div>\n\t\t\t\t<\/div>\n\t\t\t\t\t<\/div>\n\t\t<\/div>\n\t\t\t\t\t<\/div>\n\t\t<\/section>\n\t\t\t\t<section class=\"elementor-section elementor-top-section elementor-element elementor-element-7a8ae98d elementor-section-stretched elementor-section-full_width elementor-section-height-default elementor-section-height-default\" data-id=\"7a8ae98d\" data-element_type=\"section\" data-e-type=\"section\" data-settings=\"{&quot;stretch_section&quot;:&quot;section-stretched&quot;}\">\n\t\t\t\t\t\t<div class=\"elementor-container elementor-column-gap-no\">\n\t\t\t\t\t<div class=\"elementor-column elementor-col-100 elementor-top-column elementor-element elementor-element-cfdbf5\" data-id=\"cfdbf5\" data-element_type=\"column\" data-e-type=\"column\">\n\t\t\t<div class=\"elementor-widget-wrap elementor-element-populated\">\n\t\t\t\t\t\t<div class=\"elementor-element elementor-element-6d93a5ac elementor-widget elementor-widget-conexi_cta2\" data-id=\"6d93a5ac\" data-element_type=\"widget\" data-e-type=\"widget\" data-widget_type=\"conexi_cta2.default\">\n\t\t\t\t<div class=\"elementor-widget-container\">\n\t\t\t\t\t\t\t\n\t\t\n        <section class=\"cta-style-one text-center \">\n            <div class=\"container\">\n                <p>7\/24 acil taksi hizmeti<\/p>\n                <h3>Bize whatsapp hatt\u0131m\u0131z \u00fczerinden 7\/24 ula\u015f\u0131m ve konum g\u00f6nderimi sa\u011flayabilirsiniz<\/h3>\n                <a href=\"https:\/\/wa.me\/+905439350158\" class=\"cta-btn\">Whatsapp Konum G\u00f6nder!<\/a>\n            <\/div><!-- \/.container -->\n        <\/section><!-- \/.cta-style-one -->\n                   \n                \n\t\t\t\t\t\t<\/div>\n\t\t\t\t<\/div>\n\t\t\t\t\t<\/div>\n\t\t<\/div>\n\t\t\t\t\t<\/div>\n\t\t<\/section>\n\t\t\t\t<\/div>\n\t\t","protected":false},"excerpt":{"rendered":"<p>\u00c7anakkale Taksi Hizmeti \u00c7anakkale&#8217;nin Tek Vip Taksi Hizmeti Vip Taksi \u00c7anakkale TIKLA VE KONUM G\u00d6NDER 7\/24 H\u0131zl\u0131 &amp; G\u00fcvenilir Hizmet 7\/24 ula\u015fabilece\u011finiz g\u00fcvenilir ve h\u0131zl\u0131 taksi hizmeti i\u00e7in konum g\u00f6nder. TIKLA VE KONUM G\u00d6NDER 17 T 0158 7\/24 Acil Taksi \u00c7anakkale&#8217;nin 7\/24 G\u00fcvenilir Taksi Hizmeti Ara\u00e7lar\u0131m\u0131z\u0131n detayl\u0131 videolar\u0131 i\u00e7in t\u0131kla ve izle \u00c7anakkale Taksi, olarak [&hellip;]<\/p>\n","protected":false},"author":6,"featured_media":0,"parent":0,"menu_order":0,"comment_status":"closed","ping_status":"closed","template":"tpl-default-elementor.php","meta":{"footnotes":""},"class_list":["post-2133","page","type-page","status-publish","hentry"],"_links":{"self":[{"href":"https:\/\/viptaksicanakkale.com\/index.php?rest_route=\/wp\/v2\/pages\/2133","targetHints":{"allow":["GET"]}}],"collection":[{"href":"https:\/\/viptaksicanakkale.com\/index.php?rest_route=\/wp\/v2\/pages"}],"about":[{"href":"https:\/\/viptaksicanakkale.com\/index.php?rest_route=\/wp\/v2\/types\/page"}],"author":[{"embeddable":true,"href":"https:\/\/viptaksicanakkale.com\/index.php?rest_route=\/wp\/v2\/users\/6"}],"replies":[{"embeddable":true,"href":"https:\/\/viptaksicanakkale.com\/index.php?rest_route=%2Fwp%2Fv2%2Fcomments&post=2133"}],"version-history":[{"count":35,"href":"https:\/\/viptaksicanakkale.com\/index.php?rest_route=\/wp\/v2\/pages\/2133\/revisions"}],"predecessor-version":[{"id":4425,"href":"https:\/\/viptaksicanakkale.com\/index.php?rest_route=\/wp\/v2\/pages\/2133\/revisions\/4425"}],"wp:attachment":[{"href":"https:\/\/viptaksicanakkale.com\/index.php?rest_route=%2Fwp%2Fv2%2Fmedia&parent=2133"}],"curies":[{"name":"wp","href":"https:\/\/api.w.org\/{rel}","templated":true}]}}